753?
3
What is the units digit of 1896141?
1
What is the units digit of 6067798?
8
What is the ten thousands digit of 1943642?
4
What is the ten thousands digit of 80287?
8
What is the thousands digit of 1420797?
0
What is the units digit of 23766382?
2
What is the millions digit of 2563756?
2
What is the millions digit of 10815413?
0
What is the units digit of 649438?
8
What is the units digit of 2330?
0
What is the hundred thousands digit of 178491?
1
What is the tens digit of 107566?
6
What is the hundreds digit of 1764173?
1
What is the ten thousands digit of 415105?
1
What is the units digit of 1393848?
8
What is the units digit of 262240?
0
What is the units digit of 1660786?
6
What is the tens digit of 342602?
0
What is the millions digit of 1779894?
1
What is the tens digit of 5811474?
7
What is the tens digit of 466628?
2
What is the ten thousands digit of 30622?
3
What is the hundred thousands digit of 427257?
4
What is the units digit of 344911?
1
What is the thousands digit of 513451?
3
What is the thousands digit of 2457133?
7
What is the hundreds digit of 1020576?
5
What is the hundreds digit of 1605343?
3
What is the thousands digit of 324814?
4
What is the ten thousands digit of 189715?
8
What is the hundreds digit of 26969330?
3
What is the tens digit of 75888?
8
What is the hundred thousands digit of 2150576?
1
What is the units digit of 96508?
8
What is the hundred thousands digit of 377267?
3
What is the ten thousands digit of 2237824?
3
What is the hundred thousands digit of 261055?
2
What is the thousands digit of 1659201?
9
What is the hundred thousands digit of 525560?
5
What is the hundred thousands digit of 3335810?
3
What is the units digit of 1087556?
6
What is the tens digit of 428230?
3
What is the thousands digit of 1319145?
9
What is the tens digit of 691782?
8
What is the units digit of 1488017?
7
What is the thousands digit of 409214?
9
What is the tens digit of 400408?
0
What is the thousands digit of 5230?
5
What is the hundreds digit of 1692318?
3
What is the thousands digit of 6099092?
9
What is the thousands digit of 1203294?
3
What is the ten thousands digit of 1889277?
8
What is the tens digit of 18670770?
7
What is the thousands digit of 966054?
6
What is the thousands digit of 1463984?
3
What is the thousands digit of 853198?
3
What is the millions digit of 3586906?
3
What is the ten thousands digit of 1774987?
7
What is the units digit of 430221?
1
What is the tens digit of 643230?
3
What is the hundred thousands digit of 6867662?
8
What is the hundred thousands digit of 12290667?
2
What is the units digit of 1544807?
7
What is the hundreds digit of 4190772?
7
What is the ten thousands digit of 92189?
9
What is the hundreds digit of 28241055?
0
What is the hundreds digit of 5088955?
9
What is the hundred thousands digit of 24405851?
4
What is the ten thousands digit of 404123?
0
What is the hundred thousands digit of 163464?
1
What is the hundred thousands digit of 3820039?
8
What is the tens digit of 102929?
2
What is the tens digit of 92597?
9
What is the hundred thousands digit of 237001?
2
What is the hundreds digit of 19639?
6
What is the hundred thousands digit of 375809?
3
What is the millions digit of 3358468?
3
What is the units digit of 12232203?
3
What is the ten thousands digit of 7834827?
3
What is the hundred thousands digit of 20264122?
2
What is the units digit of 12903910?
0
What is the thousands digit of 29531?
9
What is the hundred thousands digit of 2171635?
1
What is the tens digit of 7284157?
5
What is the thousands digit of 2424406?
4
What is the tens digit of 1708613?
1
What is the ten thousands digit of 26260109?
6
What is the hundreds digit of 16044456?
4
What is the ten millions digit of 19505985?
1
What is the hundred thousands digit of 482827?
4
What is the tens digit of 210811?
1
What is the ten thousands digit of 5373337?
7
What is the hundreds digit of 3311769?
7
What is the tens digit of 1618351?
5
What is the hundreds digit of 1094065?
0
What is the tens digit of 2389?
8
What is the thousands digit of 1300492?
0
What is the units digit of 2036543?
3
What is the hundred thousands digit of 212908?
2
What is the tens digit of 2471663?
6
What is the units digit of 789041?
1
What is the tens digit of 881887?
8
What is the hundreds digit of 798832?
8
What is the hundred thousands digit of 3316918?
3
What is the units digit of 942718?
8
What is the millions digit of 1988129?
1
What is the hundreds digit of 673991?
9
What is the hundred thousands digit of 256958?
2
What is the tens digit of 315507?
0
What is the hundreds digit of 577351?
3
What is the millions digit of 16556706?
6
What is the ten thousands digit of 3943255?
4
What is the hundred thousands digit of 3012797?
0
What is the ten thousands digit of 8437553?
3
What is the units digit of 821982?
2
What is the hundred thousands digit of 219862?
2
What is the hundred thousands digit of 4244352?
2
What is the thousands digit of 3246725?
6
What is the hundred thousands digit of 1610611?
6
What is the thousands digit of 6298618?
8
What is the hundred thousands digit of 353104?
3
What is the millions digit of 12799774?
2
What is the thousands digit of 16124372?
4
What is the ten thousands digit of 1267675?
6
What is the ten millions digit of 21682634?
2
What is the ten millions digit of 12289027?
1
What is the tens digit of 2454?
5
What is the ten thousands digit of 5160147?
6
What is the tens digit of 6439398?
9
What is the tens digit of 322176?
7
What is the ten thousands digit of 579626?
7
What is the hundred thousands digit of 4080536?
0
What is the ten thousands digit of 32655?
3
What is the tens digit of 110846?
4
What is the tens digit of 122328?
2
What is the hundred thousands digit of 5494337?
4
What is the tens digit of 6226429?
2
What is the hundreds digit of 605734?
7
What is the units digit of 911454?
4
What is the hundreds digit of 4442077?
0
What is the units digit of 136584?
4
What is the thousands digit of 253246?
3
What is the hundreds digit of 6565746?
7
What is the ten thousands digit of 143100?
4
What is the millions digit of 1218215?
1
What is the thousands digit of 26637022?
7
What is the ten thousands digit of 156843?
5
What is the millions digit of 1738613?
1
What is the thousands digit of 676672?
6
What is the ten thousands digit of 4506284?
0
What is the thousands digit of 3040426?
0
What is the units digit of 15633349?
9
What is the ten thousands digit of 5671174?
7
What is the ten thousands digit of 246489?
4
What is the hundred thousands digit of 258982?
2
What is the hundreds digit of 377715?
7
What is the thousands digit of 210197?
0
What is the hundreds digit of 1173701?
7
What is the tens digit of 28551514?
1
What is the millions digit of 7706502?
7
What is the ten millions digit of 18277319?
1
What is the thousands digit of 738485?
8
What is the hundreds digit of 5332117?
1
What is the millions digit of 11202050?
1
What is the thousands digit of 87199?
7
What is the ten thousands digit of 4254125?
5
What is the ten thousands digit of 1064371?
6
What is the thousands digit of 14440712?
0
What is the ten thousands digit of 711483?
1
What is the tens digit of 17438331?
3
What is the thousands digit of 110106?
0
What is the ten thousands digit of 3199925?
9
What is the thousands digit of 5748017?
8
What is the hundred thousands digit of 1958967?
9
What is the hundreds digit of 3626855?
8
What is the tens digit of 31536905?
0
What is the units digit of 146279?
9
What is the hundreds digit of 1142888?
8
What is the tens digit of 162529?
2
What is the hundred thousands digit of 944397?
9
What is the thousands digit of 99209?
9
What is the ten thousands digit of 220693?
2
What is the hundred thousands digit of 728095?
7
What is the hundred thousands digit of 209639?
2
What is the tens digit of 355520?
2
What is the millions digit of 1725280?
1
What is the tens digit of 1406020?
2
What is the hundred thousands digit of 1357206?
3
What is the tens digit of 2835568?
6
What is the ten thousands digit of 72559?
7
What is the hundreds digit of 67957?
9
What is the ten thousands digit of 320397?
2
What is the thousands digit of 2779876?
9
What is the units digit of 339614?
4
What is the thousands 